 the highest common factor of 170 and 760.
10
What is the greatest common divisor of 162 and 18?
18
Calculate the highest common divisor of 63 and 1029.
21
What is the highest common divisor of 456 and 24?
24
What is the highest common factor of 9 and 423?
9
Calculate the highest common factor of 207 and 36.
9
What is the greatest common factor of 52 and 2509?
13
What is the highest common divisor of 4808 and 64?
8
Calculate the greatest common factor of 45 and 100.
5
What is the greatest common divisor of 208 and 13?
13
Calculate the greatest common factor of 918 and 51.
51
Calculate the highest common factor of 682 and 31.
31
Calculate the greatest common divisor of 670 and 50.
10
What is the greatest common factor of 779 and 19?
19
Calculate the highest common divisor of 114 and 42.
6
Calculate the greatest common divisor of 18 and 42390.
18
Calculate the highest common divisor of 120 and 90.
30
Calculate the greatest common divisor of 10 and 250.
10
What is the greatest common divisor of 24 and 512?
8
Calculate the highest common factor of 1088 and 680.
136
What is the highest common divisor of 6 and 4014?
6
What is the highest common divisor of 17953 and 13?
13
Calculate the highest common divisor of 20 and 9.
1
Calculate the highest common divisor of 1066 and 2214.
82
Calculate the greatest common factor of 45 and 171.
9
What is the highest common factor of 3 and 75?
3
What is the greatest common factor of 68 and 238?
34
What is the highest common factor of 10 and 380?
10
What is the greatest common factor of 2369 and 103?
103
Calculate the highest common factor of 3402 and 14.
14
What is the greatest common divisor of 284 and 355?
71
What is the highest common factor of 1034 and 799?
47
What is the highest common factor of 220 and 88?
44
What is the greatest common factor of 126 and 24?
6
Calculate the highest common divisor of 54 and 6.
6
What is the greatest common divisor of 209 and 152?
19
Calculate the highest common factor of 52 and 1196.
52
What is the highest common factor of 119 and 175?
7
Calculate the greatest common divisor of 299 and 78.
13
Calculate the highest common divisor of 4 and 4.
4
What is the greatest common factor of 236 and 4661?
59
What is the greatest common divisor of 26 and 26?
26
What is the highest common factor of 952 and 56?
56
Calculate the greatest common divisor of 259 and 21.
7
What is the greatest common divisor of 970 and 90?
10
What is the greatest common divisor of 896 and 196?
28
Calculate the greatest common divisor of 56 and 98.
14
What is the greatest common divisor of 14588 and 28?
28
Calculate the highest common divisor of 3809 and 13.
13
Calculate the greatest common factor of 568 and 96.
8
What is the highest common factor of 1221 and 33?
33
What is the highest common factor of 3059 and 46?
23
Calculate the highest common divisor of 2310 and 525.
105
What is the highest common factor of 366 and 6?
6
Calculate the greatest common divisor of 179 and 5728.
179
What is the greatest common factor of 42 and 33?
3
Calculate the greatest common factor of 208 and 52.
52
Calculate the greatest common divisor of 483 and 3703.
161
Calculate the greatest common factor of 216 and 8064.
72
What is the highest common divisor of 1189 and 29?
29
Calculate the greatest common factor of 23076 and 72.
36
What is the highest common factor of 84 and 154?
14
Calculate the greatest common factor of 10706 and 318.
106
What is the highest common divisor of 15 and 645?
15
What is the greatest common divisor of 616 and 7?
7
Calculate the highest common divisor of 249 and 45069.
249
Calculate the highest common factor of 81 and 675.
27
Calculate the greatest common divisor of 241 and 1.
1
Calculate the greatest common divisor of 7755 and 33.
33
Calculate the highest common factor of 34 and 16.
2
Calculate the highest common divisor of 128 and 36.
4
Calculate the highest common divisor of 648 and 22194.
162
What is the greatest common divisor of 289 and 289?
289
Calculate the greatest common factor of 102 and 374.
34
What is the greatest common divisor of 3225 and 86?
43
What is the greatest common factor of 44 and 1474?
22
Calculate the greatest common factor of 77198 and 29.
29
What is the greatest common divisor of 371 and 106?
53
Calculate the highest common factor of 496 and 62.
62
What is the greatest common factor of 656 and 4100?
164
Calculate the greatest common divisor of 481 and 39.
13
What is the greatest common factor of 1750 and 70?
70
Calculate the highest common factor of 15124 and 76.
76
Calculate the highest common divisor of 315 and 7560.
315
Calculate the highest common divisor of 4 and 8.
4
Calculate the highest common factor of 47 and 3149.
47
Calculate the greatest common factor of 783 and 29.
29
Calculate the highest common divisor of 117 and 27.
9
Calculate the greatest common divisor of 448 and 128.
64
What is the highest common divisor of 24 and 1356?
12
What is the greatest common factor of 6156 and 76?
76
What is the greatest common divisor of 294 and 69?
3
Calculate the greatest common factor of 210 and 21.
21
Calculate the highest common divisor of 1711 and 58.
29
What is the highest common divisor of 805 and 690?
115
Calculate the greatest common factor of 7 and 469.
7
Calculate the highest common divisor of 27 and 3699.
27
Calculate the greatest common divisor of 52 and 1274.
26
Calculate the highest common factor of 5577 and 429.
429
What is the highest common factor of 21 and 28?
7
What is the greatest common divisor of 2196 and 36?
36
What is the highest common factor of 78 and 286?
26
Calculate the highest common factor of 30644 and 188.
188
What is the highest common divisor of 23250 and 60?
30
What is the highest common factor of 552 and 104?
8
What is the highest common divisor of 19 and 19?
19
Calculate the greatest common divisor of 4380 and 40.
20
What is the highest common factor of 105 and 1715?
35
Calculate the highest common factor of 1820 and 1508.
52
Calculate the greatest common factor of 154 and 1246.
14
What is the highest common divisor of 1 and 307?
1
Calculate the greatest common divisor of 16 and 1576.
8
What is the highest common divisor of 472 and 1829?
59
What is the highest common factor of 32 and 3512?
8
What is the greatest common factor of 920 and 5888?
184
Calculate the greatest common divisor of 3 and 789.
3
What is the greatest common factor of 387 and 72?
9
Calculate the greatest common factor of 444 and 2997.
111
Calculate the greatest common divisor of 950 and 1450.
50
Calculate the highest common divisor of 4 and 68.
4
What is the highest common factor of 39 and 357?
3
What is the highest common factor of 5 and 12?
1
Calculate the greatest common factor of 60 and 28068.
12
What is the greatest common divisor of 119 and 17?
17
Calculate the greatest common factor of 120 and 48.
24
What is the highest common factor of 441 and 245?
49
What is the highest common factor of 20 and 1030?
10
Calculate the highest common divisor of 1175 and 2725.
25
What is the highest common factor of 224 and 252?
28
What is the highest common factor of 2937 and 12?
3
Calculate the highest common divisor of 86 and 1935.
43
Calculate the highest common factor of 4 and 2586.
2
What is the highest common divisor of 9 and 2?
1
Calculate the greatest common divisor of 638 and 242.
22
What is the highest common divisor of 5 and 39845?
5
What is the greatest common divisor of 13541 and 11?
11
Calculate the greatest common factor of 99 and 4059.
99
Calculate the greatest common divisor of 64 and 672.
32
What is the highest common divisor of 108 and 4?
4
Calculate the greatest common divisor of 30 and 390.
30
What is the greatest common divisor of 137 and 17536?
137
Calculate the greatest common divisor of 5564 and 364.
52
Calculate the highest common divisor of 480 and 17920.
160
What is the highest common factor of 3120 and 960?
240
Calculate the highest common divisor of 98 and 6.
2
What is the greatest common factor of 54 and 48?
6
What is the greatest common factor of 104 and 14456?
104
What is the greatest common divisor of 36 and 372?
12
What is the highest common divisor of 11 and 2497?
11
What is the greatest common factor of 4588 and 333?
37
What is the greatest common